 7/x - (-195)/18. Let l(u) = -u + 10. What is l(d)?
-1
Let b = -23870 + 23882. Let s(r) be the third derivative of -r**5/60 + 11*r**4/24 - 5*r**3/3 - r**2. Calculate s(b).
-22
Let b(l) = 3*l. Suppose -5*s - 10 = 0, -5*c + 2*s - 12 = -251. Let u = c - 78. Let p = u + 33. Give b(p).
6
Let w(m) = -m**3 - 7*m**2 + 8*m + 13. Suppose 7*y - 4*y + 41 = -4*d, -2*d + y = 13. What is w(d)?
13
Let b(u) be the first derivative of -u + 49 + 1/3*u**3 + 0*u**2. Determine b(-1).
0
Let r = -28064 - -28045. Let d(z) = -z**2 - 24*z + 26. Determine d(r).
121
Let w(x) = x**2 + 11*x - 20. Let v(r) = -2*r**2 + 5. Let q be v(-3). Let u be w(q). Let k(n) = -2*n. Calculate k(u).
-12
Let q = 23 + -20. Suppose 10*n - q*n + 42 = 0. Let v(z) = -7 + 0 + 5*z - 1 - 46*z**2 + 47*z**2. Calculate v(n).
-2
Suppose 11 = -18*q + 19*q + i, 2*i = -5*q + 40. Let d(s) = -s**2 - s - 2. Let g(n) = -6*n**2 + 3*n - 16. Let h(p) = 5*d(p) - g(p). What is h(q)?
-6
Let w(i) = 6*i + 616. Let a(s) = 11*s + 1104. Let p(r) = 5*a(r) - 9*w(r). Determine p(6).
-18
Let a(p) = -7*p - 1. Let g(o) = 44*o + 13. Let r(h) = 7*a(h) + g(h). Suppose 4*q + s = 36, 6*s = 3*q + s - 4. Calculate r(q).
-34
Let x(b) be the second derivative of 0 + 13/2*b**2 + 1/6*b**3 + 44*b. Determine x(-9).
4
Let s(u) = u**3 + 3*u**2 - 3*u. Let m be s(-5). Let r(k) = -4*k - 54. Let q be r(-24). Let g = q + m. Let l(f) = f - 7. What is l(g)?
0
Let n(q) = q - 4. Suppose 2*v - 5*v - 7 = 4*i, -3*v = 15. Suppose 3*j - 5*g = 27, -i*j = -4*g + 2*g - 14. Determine n(j).
0
Let w(l) = -l**3 - 17*l**2 - 47*l - 38. Let j be w(-14). Let q(h) = h**3 - 33*h**2 + 32*h + 4. What is q(j)?
4
Let f(d) = 15*d**3 + 8*d**2 + 10*d - 56. Let j(z) = -11*z**3 - 6*z**2 - 7*z + 41. Let p(u) = 8*f(u) + 11*j(u). Determine p(-4).
23
Let v = -64 + 66. Let x(a) be the first derivative of 2*a**2 - 19 + a**v - a**2 - 3*a**2. Calculate x(4).
-8
Let g(n) be the first derivative of -n**4/4 - n**3 - 3*n**2/2 - 15*n + 8241. What is g(-4)?
13
Let p(l) = -2*l - 4. Let m be 31 + ((-6)/12)/(1/(-6)). Suppose 14 - m = -5*u. Suppose -2*h - w + u = -5*w, 0 = -5*w - 20. What is p(h)?
8
Suppose -13*f = -15972 + 15881. Let w(k) = -3*k**2 + 28*k - 35. Give w(f).
14
Let x(y) = y + 30. Let n(m) = -3*m - 130. Let z(i) = -n(i) - 6*x(i). What is z(4)?
-62
Let i(o) = o**2 + 108*o + 1138. Let v be i(-96). Let k(n) = n**2 + 14*n - 20. Give k(v).
-20
Let v(c) = -c**3 + 7*c - 6. Let o(u) = 2*u**3 + 10*u**2 + 21*u + 9. Let h be o(-1). Determine v(h).
30
Let j = 6349 + -6350. Let q(z) = -18*z**2 + 3*z + 1. Calculate q(j).
-20
Let g(s) be the second derivative of -1 - 1/12*s**4 - 212*s + s**2 + 1/3*s**3. Let w be 9/(-12)*(0 + -4). What is g(w)?
-1
Let o(c) be the first derivative of 2*c**2 + 30*c - 1117. What is o(-11)?
-14
Let y(r) = 3 - 842*r**2 - 884*r**2 + 1725*r**2. Let s(k) = k + 18. Let x be s(-12). Let v(d) = d - 6. Let b be v(x). Calculate y(b).
3
Suppose -z + 24 = -5*m - 49, -5*m = 2*z - 146. Let u = z + -77. Let r be 1 + 1 - (6 + u). Let a(x) = -x**3 + 11. What is a(r)?
11
Let m(w) = -92*w**3 - 2*w + 2. Let o be ((-10)/45)/(212/(-954)). Determine m(o).
-92
Let t = 21190 - 21196. Let s be 1/4 + (-1)/4. Let f(w) = w**2 - 6*w + 9 + 4*w + 12*w + s*w**2. Determine f(t).
-15
Let g(f) = f**2 + 10*f + 4. Let k(n) = -n**3 + 2*n**2 + 9*n + 90. Let c be k(6). Determine g(c).
4
Suppose 5 - 1 = -2*q. Let w(k) = 2*k**2 + 19*k - 23. Let o be w(-19). Let m(s) = 3*s + o*s**3 - 5*s - 339*s**3 - 5*s**2 - 3. Determine m(q).
-11
Let w = 3 - 2. Let c(l) be the third derivative of 1/120*l**6 - 1/12*l**4 - 1/60*l**5 + 0 + 0*l + 610*l**2 + 1/6*l**3. Determine c(w).
-1
Let n(a) = -11*a + 49. Let b(k) = 21*k - 50. Let l(g) = 2*b(g) + 3*n(g). Determine l(-5).
2
Let v(b) be the third derivative of -b**5/30 - b**4 - 13*b**3/6 - 1264*b**2. What is v(-10)?
27
Let p(s) = -4*s - s**2 + 22*s**3 + 12*s**3 + 3*s + 13*s**3. Calculate p(-1).
-47
Let h(n) = -22*n + 144. Let r(u) = -2088*u - 4171. Let d be r(-2). Determine h(d).
34
Let w(q) = q**3 + 6*q**2 + 4*q - 5. Let d = 34 + -22. Let h = d + -18. Let n be (8/(-5))/(h/(-15)). Give w(n).
11
Suppose 3*m - 4*a - 89 = 0, 2*m - 5*a = -2*m + 118. Let p = -27 + m. Let c(g) = g + 69 + p*g - 66 - 3*g. Give c(-6).
15
Let d be (-54)/(-4)*(-836)/(-5643). Let a(l) = -3*l**3 + 5*l - 4. Calculate a(d).
-18
Let f(m) be the second derivative of -12*m**5/5 - m**4/12 + m**3/3 + 612*m + 1. Determine f(1).
-47
Let h(n) = 128*n**2 - 34*n**2 + 11 - 30*n**2 - 10*n - 41*n**2 - 24*n**2. Suppose 0 = 5*u - 16 + 61. Determine h(u).
20
Let t(y) be the first derivative of y**5/120 + y**4/3 - y**3/3 + y**2/2 - 5. Let m(b) be the third derivative of t(b). Determine m(-6).
2
Let v(z) be the first derivative of 2 + 7*z + 0*z**4 - 1/3*z**3 + 1/5*z**5 + 1/2*z**2. Let a(o) be the first derivative of v(o). Calculate a(1).
3
Let n be 4/(-8)*(5 - 1). Let b(k) = k**3 + 2*k**2 - 3*k + 1. Let j be b(n). Let h(w) = -w**3 + 7*w**2 - 9. Determine h(j).
-9
Let m(n) = -n**2 - 5*n + 6. Let k = -5 - 0. Let u be m(k). Let w(t) be the third derivative of t**5/60 - 5*t**4/24 - 2*t**3/3 + 155*t**2 - 2. Determine w(u).
2
Let n(s) = 4*s**2 - 3*s + 3. Let q(c) = 5*c**3 - 2*c**2 - 5*c + 5. Let a be q(2). Let x be (2/3)/((-36)/(-1350)). Let y = a - x. Calculate n(y).
13
Let h(v) = 13 + 20778097*v**3 - 4 - 7*v - 20778098*v**3 - 6*v**2. Determine h(-3).
3
Let o(j) be the first derivative of 7*j**2/2 + 12*j + 10. Let r be o(-5). Let c = -16 - r. Let p(i) = i. Determine p(c).
7
Let y(b) = 27 + 20*b - 3*b**2 + b**3 + b - 20*b**2. Let u be y(22). Let d(j) = j**2 - 21*j + 9 + 5*j**2 + 14*j - u*j**2. Calculate d(6).
3
Let c(j) = 4*j**2 + 6*j - 3. Let l be c(-2). Let n(s) = 2*s**3 - l - 3*s**3 - 1. Calculate n(-2).
6
Let h(n) = -295*n + 5602. Let q be h(19). Let k(o) = -5*o**3 - 18*o**2 - 7*o. Calculate k(q).
-6
Let y(k) be the third derivative of 3/8*k**4 + 0 + 0*k + 6*k**2 - 1/30*k**5 + 4/3*k**3. Give y(7).
-27
Let x(k) = -15*k - 375. Let b(l) = -8*l - 184. Let y(a) = 7*b(a) - 3*x(a). Give y(-15).
2
Let g be ((-2)/10 - 2169/(-45))*-4. Let s = g - -198. Let r(t) = -t**3 + 5*t**2 + 5*t + 8. Give r(s).
2
Suppose 0 = 2*c - 127*s + 130*s + 31, -2*s = -6*s - 36. Let w(n) = -2*n**2 - 4*n - 3. Let j(o) = -4*o**2 - 7*o - 6. Let u(b) = -3*j(b) + 5*w(b). Calculate u(c).
9
Let t(h) = -5*h**2 + 6*h + 16. Let x(a) = -a**2 + 1. Let z(i) = t(i) - 6*x(i). Let n = -209 + 205. Let v be z(n). Let b(f) = -f**2 + 3*f - 2. Determine b(v).
0
Let d(t) = -7 - 9*t + 8*t + 7*t + 6*t**2 - 7*t**2. Let k(a) = -a**2 - 3*a + 4. Let p be k(-4). Suppose -19 = -5*s - 3*f, 2*f - 21 = -5*s - p*f. Give d(s).
-2
Let a = 3973 + -3968. Let q(p) = -p - 1 + 1. Give q(a).
-5
Let f(a) = -65*a + 26. Let g(m) = 42*m - 26. Let k(h) = 2*f(h) + 3*g(h). Give k(0).
-26
Let n(m) be the first derivative of -1/8*m**4 - 1/20*m**5 + 0*m**3 + 7*m**2 + 0*m + 14. Let f(b) be the second derivative of n(b). What is f(-2)?
-6
Let t(b) = b**3 - 11*b**2 + 10*b + 4. Suppose 6*h - 6 = 3*h. Suppose h*a = -0*q + q - 8, -4*a = -q + 6. What is t(q)?
4
Suppose 4*v = -m - 109, 3*v + m = 4*m - 78. Let t = 3 - v. Let w be t/(9/3)*(-2)/5. Let u(a) = a**2 + 5*a. Determine u(w).
-4
Let g(f) = 8 - 147*f - 52 + 5 + 148*f. Give g(26).
-13
Let i(q) = -4030*q + 8065*q + q**2 - 1 + 47*q**3 - 4034*q. Give i(-1).
-48
Let f(q) = q - 12. Let s be -5*(-8)/(-160)*-4*-4. Determine f(s).
-16
Let y(f) = -5*f - 41. Let n = -3416 + 3416. Give y(n).
-41
Suppose -5*s - 2*h + 2246 = 0, -s + h + h = -442. Let b(y) = 0*y + 2*y**2 - 446 + 2*y**3 + 5*y + s - 4*y. Calculate b(-2).
-8
Let k(c) = -2*c**2 - 15*c - 14. Let r be ((-99)/(-33))/(1/(-2)). What is k(r)?
4
Let d(f) = -2*f + 12. Let m be d(4). Suppose 0 = 2*i - 4*t + 5*t - m, 4*t + 6 = 3*i. Let j(l) = -l**3 + 0 + i*l - 4 - 7*l**2 + 5*l**2 + 2. Determine j(2).
-14
Suppose 4*n = -0*n. Let s = -1224 + 1226. Let b(d) = 1 + 4*d - 14725*d**2 - 1 - 3*d + 14724*d**s. What is b(n)?
0
Let i(r) = 11*r**3 - 10*r**2 + 8*r - 6. Let u(y) = -2*y**2 + 2*y - 1. Let m(w) = 3*w - 17. Let v be m(4). Let f(h) = v*u(h) + i(h). Give f(-1).
-10
Let b(c) = -7*c**2 + 79 + 9 - 2*c - 89. Let m = 1 - 2. Calculate b(m).
-6
Let w(z) be the second derivative of z**2 + 5/6*z**3 + 1/12*z**4 + 0 + 29*z. Determine w(-5).
2
Let z(v) be the second derivative of -4*v**3/3 + 3*v**2 + 1639*v. Determine z(1).
-2
Let u = 